 and 11490.
30
What is the greatest common divisor of 848 and 53?
53
What is the highest common factor of 248 and 5736?
8
Calculate the greatest common factor of 84 and 4396.
28
Calculate the greatest common factor of 317907 and 36.
9
What is the greatest common divisor of 28 and 34876?
4
What is the highest common factor of 190 and 203585?
95
Calculate the highest common divisor of 218486 and 58.
58
What is the highest common factor of 27375506 and 193?
193
What is the greatest common divisor of 6107 and 12608?
197
Calculate the highest common factor of 6918716 and 618.
206
What is the greatest common factor of 21 and 270669?
21
Calculate the highest common factor of 2106202 and 713.
713
What is the greatest common factor of 99472 and 32?
16
Calculate the greatest common divisor of 2091472 and 1876.
268
Calculate the greatest common divisor of 24 and 25446.
6
Calculate the highest common factor of 4858 and 242206.
694
Calculate the highest common divisor of 11837 and 5453.
133
What is the highest common divisor of 429845 and 39?
13
What is the greatest common divisor of 62 and 30411?
31
Calculate the highest common divisor of 114176 and 108824.
1784
What is the greatest common factor of 7661 and 47?
47
Calculate the greatest common factor of 4656 and 264.
24
What is the highest common factor of 221 and 111197?
17
Calculate the greatest common factor of 374739 and 345.
69
What is the highest common divisor of 263718 and 1334?
46
What is the greatest common divisor of 173637 and 81?
27
What is the greatest common factor of 580 and 2110?
10
Calculate the highest common divisor of 1072736 and 4.
4
What is the highest common divisor of 10990 and 52595?
785
What is the greatest common factor of 269 and 3?
1
What is the greatest common factor of 792 and 864?
72
What is the greatest common divisor of 4225475 and 5?
5
What is the highest common factor of 24637 and 4511?
347
What is the highest common divisor of 920 and 303560?
40
Calculate the highest common divisor of 77 and 5038.
11
Calculate the greatest common divisor of 18620 and 44460.
380
What is the greatest common divisor of 58488 and 5184?
24
Calculate the highest common divisor of 70 and 1963080.
70
What is the highest common factor of 1001 and 11726?
143
What is the highest common factor of 1510 and 110?
10
Calculate the greatest common divisor of 2290724 and 8.
4
Calculate the highest common factor of 200 and 169632.
8
What is the greatest common divisor of 4848 and 126?
6
What is the highest common divisor of 297672 and 5688?
1896
What is the highest common divisor of 579 and 25283?
193
What is the greatest common divisor of 19205 and 184?
23
Calculate the highest common divisor of 284 and 68870.
142
What is the highest common divisor of 9760 and 992?
32
Calculate the highest common divisor of 1608 and 2424.
24
What is the greatest common factor of 60 and 68350?
10
What is the highest common divisor of 43 and 14239106?
43
What is the greatest common factor of 277517 and 194?
97
What is the greatest common factor of 175 and 85775?
25
Calculate the highest common factor of 682 and 144694.
22
What is the highest common divisor of 2388 and 3411656?
796
What is the greatest common factor of 291 and 584813?
97
Calculate the highest common factor of 12416 and 1261.
97
What is the highest common divisor of 5636265 and 68?
17
What is the greatest common factor of 22 and 962907?
11
Calculate the highest common divisor of 435373 and 652.
163
What is the greatest common factor of 3966560 and 130?
130
Calculate the greatest common divisor of 63495 and 83.
83
What is the highest common factor of 17100613 and 101?
101
Calculate the highest common divisor of 980 and 20.
20
Calculate the highest common divisor of 799 and 117.
1
What is the greatest common factor of 50 and 575310?
10
Calculate the highest common factor of 2443512 and 424.
424
Calculate the highest common divisor of 20492 and 2398.
218
What is the greatest common factor of 116394 and 3762?
114
What is the highest common divisor of 197867 and 116?
29
Calculate the highest common divisor of 15 and 108045.
15
Calculate the greatest common divisor of 975 and 59025.
75
Calculate the greatest common factor of 368 and 976.
16
What is the greatest common factor of 384 and 1752?
24
Calculate the greatest common factor of 558 and 410724.
18
What is the greatest common divisor of 442307 and 73?
73
Calculate the greatest common factor of 710 and 7313.
71
What is the highest common divisor of 150 and 2715?
15
Calculate the highest common factor of 203997 and 4452.
159
What is the greatest common factor of 108920 and 80?
40
What is the greatest common factor of 20 and 4410340?
20
Calculate the highest common divisor of 403599 and 21.
21
What is the greatest common divisor of 134891 and 516?
43
What is the greatest common divisor of 97 and 1572370?
97
What is the highest common divisor of 154 and 150696?
14
Calculate the highest common factor of 37440 and 33408.
576
Calculate the greatest common divisor of 1586 and 244.
122
Calculate the greatest common factor of 35815 and 13015.
95
What is the highest common divisor of 1372 and 13916?
196
Calculate the greatest common divisor of 699635 and 85.
85
What is the greatest common divisor of 273 and 10479?
21
What is the highest common factor of 1420 and 80?
20
Calculate the highest common factor of 6 and 23182.
2
Calculate the greatest common factor of 151829 and 122.
61
Calculate the highest common divisor of 52 and 312988.
52
Calculate the greatest common divisor of 216 and 248.
8
What is the greatest common factor of 815 and 163?
163
What is the greatest common factor of 13 and 88127?
13
What is the highest common factor of 460200 and 13?
13
What is the greatest common divisor of 21197 and 329?
47
Calculate the highest common factor of 4710 and 39210.
30
What is the greatest common divisor of 22 and 163493?
11
What is the highest common factor of 240680 and 880?
440
What is the greatest common divisor of 3303 and 80373?
1101
Calculate the greatest common factor of 896 and 11008.
128
What is the greatest common factor of 595 and 51905?
35
What is the greatest common divisor of 2178912 and 120?
24
What is the greatest common divisor of 10552 and 21656?
8
What is the greatest common divisor of 1815 and 454575?
165
Calculate the greatest common factor of 792 and 189948.
132
Calculate the highest common divisor of 84976 and 9266.
226
Calculate the highest common factor of 612 and 5984.
68
Calculate the greatest common divisor of 129 and 13797324.
129
Calculate the greatest common divisor of 398170 and 4060.
290
What is the highest common divisor of 171 and 867084?
57
Calculate the greatest common factor of 441435 and 15.
15
What is the greatest common divisor of 6 and 12022?
2
What is the greatest common factor of 62835 and 1180?
295
What is the greatest common factor of 148 and 332593?
37
Calculate the highest common factor of 716 and 1564.
4
What is the highest common divisor of 244416 and 48?
48
What is the greatest common factor of 616 and 12040?
56
What is the greatest common divisor of 48 and 1637600?
16
What is the highest common factor of 1962423 and 18?
9
What is the greatest common factor of 152 and 2464984?
152
Calculate the greatest common divisor of 19575 and 162.
27
What is the greatest common divisor of 29362 and 59148?
106
Calculate the greatest common factor of 3430 and 2186968.
686
What is the highest common divisor of 167 and 672509?
167
Calculate the greatest common divisor of 304 and 2138032.
304
What is the greatest common factor of 9425 and 7163?
377
What is the greatest common divisor of 7188 and 24?
12
What is the greatest common divisor of 38843 and 31?
31
What is the highest common factor of 1764 and 6069?
21
Calculate the greatest common factor of 513 and 4410.
9
Calculate the highest common factor of 5921 and 279.
31
What is the greatest common factor of 58488 and 102?
6
Calculate the greatest common factor of 42948 and 224.
4
What is the greatest common divisor of 10659 and 153714?
561
Calculate the highest common divisor of 1071 and 236997.
153
Calculate the highest common divisor of 184 and 28313.
23
What is the highest common divisor of 400330 and 475?
95
Calculate the high